te the greatest common divisor of m and 1.
1
Let p(i) = -i + 1. Let v be p(-7). Let o be 31 - 2/(-3 - -1). Calculate the highest common divisor of v and o.
8
Suppose -5*l = 3*b + 8, 5*b - 7*b = -2*l - 16. Let y be ((-6)/b)/((-6)/160). What is the greatest common factor of 5 and y?
5
Suppose 3*y = -0*y - 5*b - 35, 5*y - b = -49. Let p = -5 - y. Let o = p + 2. Calculate the highest common factor of 77 and o.
7
Suppose -2 = -2*s + s. Let y(x) = x + 1. Let j be y(7). Suppose v - 2*v = -j. Calculate the greatest common factor of s and v.
2
Let q(a) be the first derivative of -a**4/4 - 2*a**3/3 + a**2/2 + a + 5. Let m be q(-4). What is the greatest common factor of 87 and m?
29
Let d be -3*(11/(-1) + -2). Let x = -3 + 30. Let n = d - x. What is the greatest common divisor of n and 24?
12
Let i(n) = -n**2 - 30*n - 5. Let a be i(-22). Calculate the highest common factor of 19 and a.
19
Let b = -364 - -551. Calculate the greatest common factor of 17 and b.
17
Let i = 22 - 17. Let u(p) be the third derivative of p**5/60 + p**4/12 - p**3/2 + p**2. Let s be u(i). What is the greatest common divisor of 8 and s?
8
Suppose -311 = -4*d + 205. Let y = d - 73. Calculate the highest common divisor of 8 and y.
8
Let m = 13 + -13. Suppose -3*g - 2*a + 473 = m, -5*g + 832 - 47 = 4*a. What is the greatest common factor of 23 and g?
23
Suppose 0*m = 3*m - 105. Calculate the greatest common divisor of m and 14.
7
Let d be (-976)/(-18) - (48/(-27) + 2). Calculate the highest common factor of d and 90.
18
Suppose 4*x - 9*x = -350. Let p(r) = -r**2 - 7*r. Let z be p(-5). Calculate the greatest common factor of z and x.
10
Suppose -3*v - 1 = -19. Calculate the greatest common factor of v and 12.
6
Let k = -135 + 200. What is the highest common divisor of 26 and k?
13
Let m(o) = -16*o - 3. Let b be m(-5). Suppose -3*t - 2*x + 30 = x, 0 = 4*t - 3*x - 47. What is the greatest common divisor of t and b?
11
Suppose 78 = 9*f - 6*f. What is the highest common divisor of 65 and f?
13
Let j be (-21)/(-4) + 4/(-16). Let i be 38/8 + 1/4. Suppose i*k = j, 4*f + f + 5*k - 15 = 0. Calculate the greatest common divisor of f and 1.
1
Let v(h) = 19*h + 1. Let c be v(8). Let s = 59 + -42. What is the greatest common divisor of c and s?
17
Let u(a) = -7*a + 1. Suppose 3*v + v + 19 = -3*o, 1 = -v. Let y be u(o). What is the highest common divisor of 4 and y?
4
Let b(q) = -2*q + 22. Let f be b(9). Calculate the highest common divisor of f and 12.
4
Let n = 186 - 94. What is the highest common factor of 23 and n?
23
Let y be (-18)/(2 + 1) + 3. Let a = y - -10. Let n = 18 + 59. Calculate the greatest common divisor of a and n.
7
Suppose 0 = 5*x - 0*x - 15. Suppose -x*q + 50 = 2*q. Calculate the greatest common divisor of q and 10.
10
Suppose 2*m + 96 = 6*m. What is the greatest common divisor of 96 and m?
24
Let a be 4/(-16) - (-26)/8. Suppose 4*l - a*y = -y - 206, -3*l = 4*y + 149. Let z = 71 + l. Calculate the greatest common divisor of 8 and z.
4
Let u(p) = 0 + 0*p - 4 + 3*p + p**2. Let r be 4 - (0 + (-1 - 0)). Let l be u(r). Calculate the greatest common factor of 12 and l.
12
Let v(u) = -u**3 - u**2 + u + 16. Let t be v(0). Calculate the greatest common divisor of t and 16.
16
Let y = 0 - -3. Suppose 5*l = y*i + 2*i - 30, 3*i + 3*l - 24 = 0. What is the greatest common factor of 21 and i?
7
Let g be (-4 + 6)/((-71)/36 - -2). What is the greatest common divisor of 36 and g?
36
Let y(i) = -i + 44. Let v be y(0). Suppose l - 88 = -l + 2*h, l - v = -h. Calculate the highest common divisor of l and 4.
4
Suppose f + 1 = -13. Let x be (-4)/f + (-340)/(-35). What is the highest common divisor of x and 40?
10
Let f(r) = r**2. Let d be f(-2). Calculate the greatest common divisor of d and 2.
2
Let d = -18 - -32. What is the greatest common divisor of 28 and d?
14
Suppose 0*z - 61 = -2*z - 3*h, 67 = 2*z + h. Suppose -4*j + 36 = 4*w, -2*j + 12 = 2*j - 2*w. What is the highest common factor of j and z?
5
Let r = 320 - 187. What is the highest common divisor of 19 and r?
19
Let q(j) = 3*j - 1. Let k be q(1). Let c = -3 - -4. Suppose c = 2*t - 19. What is the greatest common factor of t and k?
2
Suppose -5*w - 10 = 0, -4*w = 4*a - 0*w - 388. Calculate the highest common divisor of 9 and a.
9
Suppose -2*t = -5*t + 2*g + 164, -207 = -4*t + 5*g. Calculate the highest common factor of t and 29.
29
Let y(p) = -p**2 - 9*p + 7. Let q be y(-7). Let h = 26 - -5. Let n = h + -17. Calculate the highest common divisor of n and q.
7
Let c be (-2)/((-3)/((-9)/2)). Let f be (c/(-6))/((-2)/(-108)). What is the greatest common factor of f and 9?
9
Let x = -12 + 14. Calculate the greatest common factor of 2 and x.
2
Let j(x) = x**2 + 2*x - 6. Let u be j(3). Calculate the highest common divisor of 99 and u.
9
Let f be 2/(-4) + (-9)/18. Let q be f/(((-3)/(-2))/3). Let x be 1/(2/(-88)*q). What is the highest common factor of 33 and x?
11
Let i(n) = 74*n + 2. Let w be i(3). What is the highest common divisor of 28 and w?
28
Let u(d) = 20*d**3 - d**2 + 1. Let i be u(1). Let s be ((-8)/(-5))/(2/i). What is the greatest common divisor of 112 and s?
16
Let p = 58 - 48. Calculate the greatest common divisor of 20 and p.
10
Let x = 182 - 124. What is the greatest common divisor of 29 and x?
29
Suppose 4*u + 45 = 2*q - u, 4*q = -5*u + 45. Calculate the highest common divisor of 150 and q.
15
Let v(r) = -74*r**3 + 3*r**2 + r - 1. Let n be v(-1). Calculate the greatest common divisor of n and 25.
25
Let z(y) = -y**3 + 11*y**2 + 12*y + 15. Let u be z(12). Suppose 10*d = u*d - 65. What is the highest common divisor of d and 26?
13
Let u(z) = z. Let v be u(2). Suppose -13 + 3 = -v*p. Suppose p*y = 27 - 12. What is the highest common factor of y and 33?
3
Suppose 0 = 3*p + 3*r - 69, 0*p + 48 = 2*p + 3*r. Calculate the highest common divisor of 3 and p.
3
Let a(q) = -4*q**3 - q**2 + q + 1. Let f be a(-2). Calculate the highest common factor of 18 and f.
9
Let d be (1 + 2)/(51/170). Suppose 3*l + 5 = 17. What is the highest common factor of d and l?
2
Suppose -2*q = -3*g - 14 + 40, -q = 4*g - 42. Suppose 5*y = 3*y + 696. Let b = y - 238. What is the highest common divisor of b and g?
10
Suppose -5 = 5*z - 35. Suppose j = 7 - z. Calculate the highest common factor of 1 and j.
1
Let r be (14/8)/((-1)/(-40)). What is the greatest common factor of 14 and r?
14
Let q(z) = 28*z**3 + z**2 - 1. Let j be q(-1). Let w = 57 + j. Let u = -17 + w. What is the greatest common factor of 60 and u?
12
Let u(p) = 45*p + 5. Let k(i) = 90*i + 11. Let t(s) = 4*k(s) - 9*u(s). Let o be t(-1). Calculate the greatest common divisor of 11 and o.
11
Suppose -8*k + 762 = 114. Calculate the greatest common divisor of k and 3.
3
Let h be (-60)/8*36/(-5). Let v(m) = -19*m - 1. Let g be v(3). Let l be 6/(-9) - g/6. Calculate the highest common divisor of h and l.
9
Let v = -12 - -30. Calculate the highest common divisor of 9 and v.
9
Let f = 6 + -4. Suppose -28 = r - 3*o - 322, -2*r = -f*o - 592. Calculate the highest common divisor of r and 27.
27
Let k = 8 + -3. Suppose b = -k*u + 62, -5*u - 6*b + 70 = -b. Let c = -66 - -162. Calculate the greatest common divisor of c and u.
12
Let k be (-2 + 1)/((-2)/6). Let j be (-2)/5 - 216/10. Let v = 34 + j. What is the highest common divisor of k and v?
3
Let p(i) = 5 - 2 - 2*i**2 - 4 + i. Let x be p(1). Let v be (x - 1)*(-20)/6. Calculate the greatest common divisor of v and 30.
10
Suppose -2*j + 5*j - 891 = 0. Suppose 0 = -3*t + 4*v + 79, 2*t = -0*t + 4*v + 46. Calculate the highest common divisor of t and j.
33
Let v be 12*10*(-8)/(-20). What is the greatest common factor of v and 12?
12
Let r(t) = -t**3 + 2*t**2 - 5*t. Let y be r(3). Let w = 57 + y. What is the highest common factor of 99 and w?
33
Suppose 4*w = -5 + 41. Suppose 0*f + f - w = 0. What is the greatest common divisor of f and 72?
9
Let y = -7 + 4. Let t(j) = -2*j**3 - 3*j**2 + 4*j - 1. Let s be t(y). Calculate the greatest common factor of 126 and s.
14
Suppose 199 + 56 = 3*b. Calculate the highest common divisor of b and 17.
17
Let j = -68 + 114. Calculate the highest common divisor of 23 and j.
23
Let o = -4 + 3. Let r be -1 + (-1)/o - -11. Let q(n) = n**3 - 6*n**2 + 5*n - 7. Let f be q(7). What is the greatest common factor of r and f?
11
Suppose -2*w - 4